on factor of 251 and 77057?
251
Calculate the highest common factor of 162 and 1053.
81
Calculate the highest common factor of 236 and 2.
2
What is the highest common divisor of 129 and 43?
43
Calculate the highest common divisor of 25 and 3200.
25
What is the greatest common factor of 12 and 12?
12
What is the highest common factor of 1664 and 52?
52
Calculate the highest common divisor of 345 and 92.
23
Calculate the greatest common factor of 5434 and 26.
26
What is the highest common divisor of 476 and 5012?
28
Calculate the greatest common divisor of 175 and 25375.
175
What is the greatest common divisor of 23 and 1081?
23
What is the greatest common divisor of 1810 and 40?
10
What is the highest common factor of 1127 and 23?
23
What is the highest common divisor of 455 and 350?
35
What is the greatest common divisor of 2044 and 84?
28
Calculate the highest common factor of 16409 and 61.
61
What is the greatest common factor of 144 and 36?
36
What is the greatest common divisor of 12977 and 19?
19
Calculate the highest common factor of 11 and 643.
1
Calculate the highest common divisor of 1035 and 90.
45
Calculate the greatest common factor of 177 and 6.
3
What is the highest common factor of 90 and 405?
45
Calculate the highest common divisor of 1818 and 18.
18
What is the highest common divisor of 583 and 11?
11
Calculate the highest common divisor of 26 and 104.
26
What is the highest common factor of 27 and 150?
3
What is the highest common divisor of 27349 and 7?
7
What is the highest common divisor of 592 and 37?
37
Calculate the highest common factor of 992 and 32.
32
What is the highest common divisor of 1314 and 18?
18
What is the greatest common divisor of 9 and 15?
3
Calculate the greatest common factor of 5 and 2005.
5
Calculate the greatest common factor of 2 and 13016.
2
What is the greatest common factor of 415 and 249?
83
Calculate the highest common divisor of 21526 and 94.
94
What is the greatest common divisor of 32419 and 17?
17
Calculate the greatest common divisor of 504 and 216.
72
What is the greatest common divisor of 1095 and 15?
15
Calculate the greatest common divisor of 1920 and 270.
30
What is the greatest common factor of 18 and 18?
18
What is the greatest common divisor of 6890 and 390?
130
Calculate the highest common factor of 252 and 84.
84
What is the highest common divisor of 58 and 12876?
58
What is the highest common divisor of 2627 and 71?
71
Calculate the highest common factor of 164 and 164.
164
Calculate the greatest common divisor of 6 and 4014.
6
What is the highest common divisor of 1195 and 15?
5
Calculate the highest common divisor of 6 and 183.
3
What is the greatest common factor of 1743 and 2241?
249
What is the highest common divisor of 60 and 80?
20
What is the greatest common divisor of 3074 and 212?
106
Calculate the highest common divisor of 47 and 2209.
47
Calculate the highest common factor of 5773 and 69.
23
What is the highest common divisor of 6630 and 680?
170
What is the greatest common divisor of 25 and 725?
25
What is the greatest common factor of 41 and 41164?
41
Calculate the highest common divisor of 10 and 145.
5
What is the greatest common divisor of 20 and 3620?
20
Calculate the highest common divisor of 540 and 18792.
108
What is the greatest common divisor of 120 and 180?
60
What is the greatest common factor of 427 and 28?
7
Calculate the highest common divisor of 6608 and 112.
112
What is the highest common divisor of 24 and 15?
3
Calculate the greatest common divisor of 560 and 80.
80
What is the greatest common divisor of 2176 and 2312?
136
What is the highest common divisor of 1624 and 56?
56
Calculate the highest common factor of 416 and 234.
26
What is the highest common factor of 1272 and 795?
159
What is the highest common factor of 379 and 1?
1
What is the highest common factor of 12978 and 126?
126
What is the greatest common divisor of 12 and 87?
3
Calculate the greatest common divisor of 40 and 80.
40
What is the greatest common divisor of 260 and 65?
65
Calculate the greatest common divisor of 14 and 242.
2
Calculate the highest common divisor of 1 and 89.
1
Calculate the greatest common factor of 1375 and 250.
125
Calculate the highest common factor of 57 and 209.
19
Calculate the greatest common divisor of 70 and 315.
35
Calculate the greatest common divisor of 1080 and 600.
120
What is the greatest common factor of 1107 and 492?
123
What is the highest common factor of 11 and 704?
11
Calculate the highest common factor of 946 and 374.
22
What is the greatest common factor of 6 and 48?
6
What is the highest common factor of 280 and 168?
56
Calculate the greatest common divisor of 480 and 30.
30
What is the greatest common factor of 1815 and 330?
165
What is the greatest common factor of 56 and 322?
14
What is the greatest common divisor of 228 and 2508?
228
What is the highest common factor of 374 and 1360?
34
What is the greatest common divisor of 81 and 40419?
81
Calculate the highest common factor of 230 and 50.
10
Calculate the greatest common divisor of 30 and 130.
10
Calculate the highest common divisor of 1665 and 105.
15
Calculate the highest common divisor of 1178 and 114.
38
Calculate the greatest common factor of 25 and 450.
25
What is the greatest common divisor of 45 and 405?
45
What is the greatest common factor of 11 and 17116?
11
What is the greatest common factor of 228 and 12?
12
Calculate the highest common divisor of 100 and 4300.
100
What is the greatest common divisor of 628 and 28?
4
What is the highest common factor of 68 and 1496?
68
What is the greatest common factor of 3108 and 42?
42
Calculate the greatest common divisor of 396 and 693.
99
What is the highest common factor of 7 and 5?
1
Calculate the highest common divisor of 432 and 135.
27
Calculate the greatest common factor of 3456 and 64.
64
What is the greatest common divisor of 899 and 29?
29
Calculate the highest common divisor of 224 and 20048.
112
What is the highest common divisor of 56 and 104?
8
Calculate the highest common divisor of 1164 and 6.
6
What is the greatest common divisor of 3 and 6?
3
Calculate the highest common divisor of 24 and 304.
8
Calculate the highest common factor of 20 and 8.
4
Calculate the greatest common factor of 6213 and 171.
57
What is the greatest common factor of 56 and 1048?
8
Calculate the greatest common factor of 42 and 14.
14
What is the greatest common factor of 732 and 36?
12
Calculate the highest common factor of 4512 and 128.
32
What is the highest common factor of 26 and 949?
13
Calculate the highest common divisor of 5660 and 180.
20
What is the greatest common divisor of 54 and 27?
27
Calculate the greatest common divisor of 160 and 17240.
40
What is the highest common divisor of 37 and 148?
37
What is the highest common factor of 13 and 2899?
13
What is the highest common divisor of 328 and 16?
8
Calculate the greatest common divisor of 87 and 3.
3
What is the greatest common factor of 67 and 2278?
67
Calculate the greatest common divisor of 9 and 13.
1
What is the highest common divisor of 493 and 17?
17
Calculate the greatest common divisor of 290 and 50605.
145
Calculate the greatest common factor of 3825 and 136.
17
What is the greatest common divisor of 26 and 16?
2
What is the greatest common divisor of 48 and 3472?
16
What is the highest common factor of 76 and 532?
76
Calculate the greatest common divisor of 189 and 385.
7
What is the highest common factor of 172 and 129?
43
Calculate the highest common factor of 17 and 340.
17
What is the highest common factor of 612 and 68?
68
What is the greatest common divisor of 54 and 18?
18
What is the greatest common factor of 7460 and 40?
20
What is the highest common factor of 4141 and 202?
101
Calculate the greatest common factor of 63 and 2961.
63
What is the greatest common divisor of 266 and 608?
38
What is the greatest common divisor of 71 and 71?
71
Calculate the greatest common divisor of 408 and 39.
3
Calculate the highest common divisor of 1310 and 10.
10
Calculate the greatest common factor of 2511 and 93.
93
What is the highest common factor of 11 and 638?
11
What is the highest common factor of 11424 and 420?
84
Calculate the greatest common factor of